- -9. Calculate d(v).
-16
Let z(l) be the second derivative of l**5/20 + 11*l**4/12 - l**3/6 + l**2/2 + 64*l - 2. Calculate z(-11).
12
Let h(n) be the second derivative of -n**4/12 - n**3/2 + n**2 - 85*n. Calculate h(0).
2
Let u(m) = 1261*m + 3*m**2 - 2*m**2 - 1282*m + 45. What is u(19)?
7
Let c be (-1662)/(-14) + 5/(-7) + 1. Let a(m) = -1 - 121*m + 1 + c*m. What is a(1)?
-2
Let f(a) = -5*a - 25. Suppose -222 = 29*b + 8*b. Give f(b).
5
Let d(j) = -2*j**3 - 4*j**2 - 3*j + 3. Let i be (-107)/35 + (-20)/(-350). Give d(i).
30
Let a(r) = -3*r - 34. Let z(g) = g + 12. Let m(n) = 4*a(n) + 11*z(n). What is m(4)?
-8
Let v = 110 + -117. Let l(i) = -2*i - 8. Determine l(v).
6
Let y(n) = n**3 + 6*n**2 - 34*n - 55. Let q be y(-9). Let p(d) = 2*d - 5. Calculate p(q).
11
Let b = 1017 + -1014. Let h(m) be the third derivative of 1/120*m**6 - 1/3*m**b - 1/30*m**5 + 1/6*m**4 + 0 + 3*m**2 + 0*m. Calculate h(2).
6
Let w(q) = 3*q - 59 - q**3 - 48 + 109 - 3*q**2. What is w(-4)?
6
Suppose l + 5*o = -7, 0*l - 2*l - o = -4. Let t(p) = -3*p**3 + 3*p**3 - p + 9 + p**l + 0*p. What is t(0)?
9
Suppose 4 = s, 2*s + 24 = 4*o + 5*s. Suppose o*v + 2*v = -4*r - 13, 0 = 3*r + 2*v + 1. Let t(n) = -n + r*n - 9 - 3*n. Determine t(-6).
-3
Let u(n) = n + 3. Let h(q) = 7*q - 10. Let t(f) = h(f) + 3*u(f). Determine t(-1).
-11
Let l(s) = -4*s**3 - s**2 + 3*s + 3. Suppose -5*f + 21 = 2*m, m + 5*f - 8 = 3*f. Give l(m).
25
Let o(t) = t**3 - 5*t**2 + 3*t + 1. Let r be o(2). Let a = -2 - r. Let j(l) = -2*l + 2. Calculate j(a).
-4
Suppose 4*n = -1 + 25. Let w(q) = -n*q + 7*q + q - 1. Suppose 17 - 7 = -5*s. Determine w(s).
-5
Let v(o) = -o**3 - o**2. Let c be 3/(-1)*(-185)/(-555). Calculate v(c).
0
Let l = 57 - 54. Suppose 5*h = 4 + 6. Suppose 5 = -l*f + h. Let s(w) = -4*w. What is s(f)?
4
Let v(k) = -k**3 - k**2 + 6*k. Let i(h) be the second derivative of -h**5/4 - h**4/3 + 31*h**3/6 - h**2/2 - h. Let a(b) = -2*i(b) + 11*v(b). Calculate a(-3).
-10
Let b(v) = 2*v - 2. Let m(k) = 1 + 3 - 6*k + k. Suppose 40*g = 36*g - 12. Let c(q) = g*m(q) - 7*b(q). Calculate c(-5).
-3
Let d(a) = 4*a + 4. Let f be (4/(-4))/(5/10). Give d(f).
-4
Suppose -12*v + 9*v = -54. Let l = v - 20. Let f(k) = 7*k**3 + k**2 + 4*k + 7. Let u(y) = -8*y**3 - y**2 - 5*y - 8. Let z(m) = -7*f(m) - 6*u(m). Calculate z(l).
-1
Let a = 80 - 79. Let p(t) = -a - t + 5 + 5*t + t**2 + 2. Determine p(-4).
6
Let n(v) = 2*v**3 - 26*v**2 - 24*v - 52. Let m be n(14). Let y(w) be the first derivative of w**2 + 1/4*w**m - 10 + 2*w - 2/3*w**3. Determine y(2).
6
Suppose 5 = 3*h + 2*h, v - 3*h = -19. Let t be (-1)/((-4)/v) - -2. Let c(l) = 3*l - 2. What is c(t)?
-8
Let s = 107 - 103. Suppose -4*b - 27 = 3*g, b + 16 + 7 = -s*g. Let k(r) = -r**2 - 3*r - 1. Give k(b).
-1
Let d(y) = y**3 + 3*y**2 + 2*y. Suppose 127*l - 116*l + 22 = 0. Calculate d(l).
0
Suppose 8*c - 12*c = 0. Let w(g) = -2*g**2 + g**2 + c + 5*g + 3. What is w(6)?
-3
Let r(o) = -57 + 0*o + 3*o + 67 - 2*o. Give r(-6).
4
Let k(z) = -230*z - 922. Let u be k(-4). Let f(v) = 3*v - 3*v**3 + 0 + 4*v**2 - 5*v**2 + 1. Calculate f(u).
15
Let c(r) be the first derivative of -r**4/4 + 7*r**3/3 - 7*r**2/2 - r + 1. Let m(z) = -z - 1. Let a = 88 + -95. Let k be m(a). Give c(k).
-7
Let z(f) = 3*f - 1 + 9*f - 13*f - 3 + 2. Let s(q) = q - 10. Let i be s(6). Calculate z(i).
2
Let i(r) = 14*r**2 - 8*r - 1. Let f(h) = -9*h**2 + 5*h + 1. Let b(c) = 8*f(c) + 5*i(c). Determine b(2).
-5
Let x(o) = 3*o + 2. Suppose 5*m - 16 = 4, 0 = -3*c + 3*m - 18. Determine x(c).
-4
Let z(x) be the second derivative of -x**4/12 + x**3/6 + 5*x**2/2 - 4*x. Suppose -20*n = 11*n - 124. Give z(n).
-7
Let m(j) = j**3 + 3*j**2 - 4*j - 3. Let s = 421 - 424. Give m(s).
9
Let w(m) = -19*m**2 + 19*m**2 - 374 + 2*m + 373 + 16*m**3. Let y(v) = -v**3 - 6*v**2 + 2*v + 13. Let d be y(-6). Calculate w(d).
17
Let s(t) = t**2 + 9*t - 1. Let z = 73 + -77. Let d be (18/z*-1 - 4)*-18. Give s(d).
-1
Let h(z) = -5*z**2 - 4*z - 11. Let p(d) = -9*d**2 - 7*d - 20. Let a(j) = -7*h(j) + 4*p(j). Calculate a(-3).
-12
Let j(g) = -279 + 279 + 43*g**2. Determine j(1).
43
Let q be 2/11 + 2247/(-77). Let j = q + 23. Let i(n) = -n + 5. Determine i(j).
11
Let o(n) = 0*n + 11 + 2*n - n. Let a = -3896 - -3896. What is o(a)?
11
Let g(w) = -5*w**2 + 2*w - 3. Suppose -5*t - 15 = 5. Let q(k) = k - 1. Let d(v) = t*q(v) + g(v). Determine d(1).
-6
Let j(w) = 4*w - 3. Let b(z) = -3 + z**2 - 1 + 126*z - 259*z + 128*z. Let m be b(6). Calculate j(m).
5
Suppose 0 = 8*n + 9*n - 85. Let c(j) be the second derivative of 0 + 1/20*j**n + 1/3*j**3 + 3/2*j**2 - 2*j + 1/3*j**4. Determine c(-2).
7
Let k(h) = 18 + 18 + 4*h**2 - 59 - 2*h + 22. Determine k(2).
11
Let c be -7 - 88/(-15 - -7). Let f(v) = -5*v + 3. What is f(c)?
-17
Let u(d) be the second derivative of d**4/24 - 7*d**3/3 - 19*d**2/2 - 5*d + 2. Let m(y) be the first derivative of u(y). Calculate m(0).
-14
Suppose -11 - 65 = 4*s. Let m(i) = -9*i - 3. Let x be m(2). Let c = x - s. Let k(p) = p**2 - 2. Determine k(c).
2
Suppose 4*y - 10 = -4*i + 14, 2*y - 5*i = -9. Let s(b) = 13 + y + 2 - b - 11. Suppose 4*x - 3 = 9. Give s(x).
4
Let g = -34 + 36. Let f be (g - (1 + 2))*-1. Let z(l) = 11*l - 1. Give z(f).
10
Let n(q) = q**2 + 5*q - 4. Suppose 2 + 2 = -2*s. Let t(u) = 47*u - 2. Let o be t(s). Let x be o/18 + 4/(-6). Give n(x).
2
Let j(u) = -u**2 + 9*u + 3. Let i(n) = n**3 - 6*n**2 - 27*n + 96. Let a be i(8). What is j(a)?
11
Let w(z) = z**3 + 5*z**2 + z + 7. Let g(q) = -6*q**2 - 5*q - 4. Let h be g(-1). Determine w(h).
2
Let q be (-2)/(-7) - (-141)/21. Suppose 49 + 63 = 28*l. Suppose -l*m - 17 = q. Let g(y) = y + 4. Calculate g(m).
-2
Let v(r) = -7*r**2 + 1. Let a = -189 - -278. Let w = a - 90. Give v(w).
-6
Let j(u) = -3*u**2 - 28*u - 8. Let r(x) = -2*x**2 - 28*x - 6. Let l(p) = -5*j(p) + 6*r(p). Calculate l(9).
-5
Let d(o) be the third derivative of -o**6/120 - 7*o**5/60 + o**4/12 + 7*o**3/6 - 43*o**2. Determine d(-7).
-7
Let x(u) = -8*u + 5. Let n = 115 - 108. Let p(o) = -7*o + 4. Let w(b) = n*p(b) - 6*x(b). Determine w(-2).
0
Let c(l) = -11*l + l**2 + 27 - 9 - 12. Determine c(8).
-18
Let l(o) = -o**2 - 5*o - 1. Let h be l(-4). Let r(n) be the first derivative of n**3/3 - n**2/2 - 4*n + 16. Determine r(h).
2
Let h(m) be the second derivative of m**5/20 + m**4/2 - m**3/6 - 7*m**2/2 - 83*m - 7. Suppose -2*o - 2 - 10 = 0. Calculate h(o).
-1
Let s(q) = -q + 0*q - q. Suppose 2*z = -3 + 5. Suppose 3 = -4*i - z. Calculate s(i).
2
Let y be (-6)/(-4)*72/(-54). Let r(d) = -2*d**2 - 4*d - 3. Determine r(y).
-3
Let r(h) = -h**3 + 8*h**2 - 6*h + 5. Suppose -5*l + 4*p + 55 = 0, 133 = l - 3*p + 111. Calculate r(l).
12
Let g(x) = 106 - 4*x - 7*x**2 - 106. Let s(l) = -13*l**2 - 6*l - 1. Let n(b) = -11*g(b) + 6*s(b). Determine n(6).
6
Let q(n) = -n + n + 2 - 1 + 3*n**3 + n - n**2. Suppose -32 = -4*j - m, -25 = -5*j - m - 4*m. Suppose j*b - 5*b = -4. Give q(b).
-4
Let w(d) = 0*d - 2*d - 2*d - 2 + 5*d. Let o(z) = 4*z**2 - 3*z - 2. Let x(i) = -5*i**2 + 2*i + 1. Let u(j) = -4*o(j) - 3*x(j). Let m be u(7). Determine w(m).
-4
Let d(g) = 2*g + 4 - 4. Suppose -8*x - 10*x + 171 = x. Determine d(x).
18
Let m(k) = -k**2 - 5*k - 4. Let l = -18 + 15. Let w be m(l). Let g(z) = -3*z**2 + 4*z**2 - z**w - z**2. What is g(-2)?
-4
Let h(i) be the third derivative of i**6/120 - i**5/10 - i**4/12 + i**3/2 + 42*i**2 - i. Calculate h(6).
-9
Let a(u) = u**3 + 10*u**2 - 2*u - 13. Let o(d) = d**3 - 3*d**2 + 121*d - 3*d**2 - 118*d. Let g be o(2). Calculate a(g).
7
Let a(r) be the third derivative of -r**5/60 + 3*r**4/8 + r**3/3 - r**2. Suppose -18*i - 3*w = -16*i, 0 = -3*i - 2*w + 10. Calculate a(i).
20
Let l be (1/(-2))/((-1)/(-2)). Let b(j) be the first derivative of 8/3*j**3 - 3 - j + 0*j**2. Give b(l).
7
Let n = -184 + 182. Let z(j) be the second derivative of -j**4/12 + j**3/6 - j**2 - 3*j. Let a(s) be the first derivative of z(s). Determine a(n).
5
Let v(a) = 77*a - 8 - 1 - 72*a. Give v(5).
16
Suppose 0 = 2*p - 4*t + 6*t + 4, -4*p - 11 = 3*t. Let b(y) = y**3 + 5*y**2 + 1. Give b(p).
1
Let j be 2 - 1 - (4 - 2). Let x(b) = 317*b**2 - 155*b**2 - 161*b**2 - 6*b**3. Give x(j).
7
Let x(r) be the third derivative of -7*r**6/120 - r**5/30 + r**3/6 + 400*r**2. What is x(1)?
-8
Let q(c) = 51 - c + 44 - 83. What is q(9)?
3
Let x(s) be the first derivative of -s**5/120 - 